 Let b = 65 + -16. Calculate the remainder when b is divided by o*(0 - 26/(-4)).
10
Let v(c) = -c**3 + 8*c**2 - 5*c - 10. Let d be v(7). Calculate the remainder when (9/d)/((-1)/(-20)) is divided by 12.
9
Suppose 16 = -3*q + 4. Let w = 4 + q. Suppose -5*j + 33 + 22 = w. Calculate the remainder when 19 is divided by j.
8
Suppose -112 + 26 = -2*r. Suppose j = -i + 18, 2*i = -4*j + 18 + 24. Calculate the remainder when r is divided by i.
13
Suppose -5*d = -3*z + 2*z - 148, -3*d + 72 = 5*z. What is the remainder when 67 is divided by d?
9
Let d(k) = k. Let b(i) = i**2 + 6*i + 1. Let g(l) = b(l) - 3*d(l). Calculate the remainder when g(3) is divided by 5.
4
Let y(q) = q**3 + 3*q**2 - 2. Let f be y(-3). Let b be ((-1)/1)/(f/14). Suppose b*a - 2*a - 155 = 0. What is the remainder when a is divided by 11?
9
Suppose -4*t = -2*g - 162, -25 = -t - 2*g + 13. Calculate the remainder when 157 is divided by t.
37
Suppose 1 = 3*y + 2*n - 2, -9 = -3*y - 4*n. Calculate the remainder when (4/6)/y*-36 is divided by (-222)/(-24) + 1/(-4).
6
Suppose -r - 16 = -2*q + 3*r, -20 = -5*r. What is the remainder when q is divided by 6?
4
Let g = 10 - -13. Let r(q) = 7*q - 6. Let b(t) = -8*t + 7. Let i(h) = -4*b(h) - 5*r(h). Calculate the remainder when g is divided by i(-2).
7
Suppose 0 = 5*l + 2*u - 84, -l - 45 = -3*l + 3*u. What is the remainder when 85 is divided by l?
13
Calculate the remainder when 93 is divided by 4*((-72)/(-4))/3.
21
Suppose 0 = 5*m - 19 - 6, 4*v + 3*m = 91. Calculate the remainder when 111 is divided by v.
16
Let p(t) = t + 3. What is the remainder when 42 is divided by p(6)?
6
Let a = -7 + 10. Suppose -k = -a*k. Suppose -5*z + 140 = -k*z. What is the remainder when z is divided by 15?
13
Suppose 0 = 5*c + t - 44, 2*t - 1 + 9 = 2*c. Calculate the remainder when 29 is divided by c.
5
Suppose 24 = 11*g - 9*g. Calculate the remainder when 69 is divided by g.
9
Suppose -3*x = -d - 34, -2*d = 4 - 2. Calculate the remainder when 42 is divided by x.
9
Let n(i) = -2*i**2 + 6*i - 4. Let f be n(4). Let x = f - -24. Let d = x - 6. What is the remainder when 17 is divided by d?
5
Suppose -2*w = t - 34 - 31, -2*w + 230 = 4*t. What is the remainder when t is divided by 16?
7
Suppose -l + 2*l = 2. Suppose 0 = -l*f - 3*f + 10. What is the remainder when 2 - (-2 - 0 - 1) is divided by f?
1
Suppose -18 = -2*s + 60. Suppose 5*n = -2*i + 31 + s, -i = -5. Calculate the remainder when 33 is divided by n.
9
Let o = -4 + 7. Suppose o = -i + 5. Suppose q - 31 = -3*l + 3*q, 46 = i*l + 5*q. What is the remainder when l is divided by 5?
3
Let z = 36 - 31. Suppose -2*f = -0 - 26. Suppose c = 2*d + f, 2*c - z*d = -0*c + 27. What is the remainder when c is divided by 6?
5
Suppose -2*t - 10 = -28. What is the remainder when 22 is divided by t?
4
Let x(z) = 3*z**2. Let a be x(-1). Let l(j) = 2*j**2 - j + 4. Let p(q) = q**3 + 9*q**2 - q + 1. What is the remainder when l(a) is divided by p(-9)?
9
Let f(y) = y**3 + 7*y**2 + y - 6. What is the remainder when f(-6) is divided by 13?
11
Suppose -2*m + 5*m - 120 = 0. Calculate the remainder when m is divided by 14.
12
Suppose w - 2*k = 11, -30 - 14 = -4*w + k. Let u(v) be the first derivative of -v**2 + 12*v + 2. Calculate the remainder when u(-10) is divided by w.
10
Let d = -9 - -14. Let j = -2 + d. Suppose -5*l + j + 32 = 0. Calculate the remainder when 18 is divided by l.
4
Let s(k) = -k**3 + 9*k**2 - 7*k - 9. Let x be s(7). Suppose -w = -5*w + x. Let p = 91 - 63. Calculate the remainder when p is divided by w.
8
Suppose 4*f - 32 = 36. Suppose 5*a + 4*n = 53, 5*a - 4*a = -4*n + f. What is the remainder when 24 is divided by a?
6
Suppose -3*u = 3 - 12. Suppose -w + 4 = u*o - 16, 0 = -2*w + 4*o + 10. What is the remainder when 21 is divided by w?
10
Suppose -2*k - 20 = 2*s - 5*s, -5*s + 28 = -3*k. Suppose -19 = -u + 27. Calculate the remainder when u is divided by k/(3 + -4 - 0).
14
Let y = -11 - -32. Calculate the remainder when 83 is divided by y.
20
Let b = 33 - 21. What is the remainder when 34 is divided by b?
10
Suppose 0 = -g - 5*m - 16, g - 9*m + 6*m - 16 = 0. Calculate the remainder when 9 is divided by g.
1
Let c = -56 - -143. What is the remainder when c is divided by 45?
42
Let k(f) = 5*f**2 - 2*f - 3. What is the remainder when k(-1) is divided by 3?
1
Let y(v) = v**2 - v. Let g be y(2). Suppose -48 = -g*t + 126. Let j = t - 48. Calculate the remainder when j is divided by 20.
19
Suppose 5*y - 40 = -10. What is the remainder when 23 is divided by y?
5
Let h(b) = 3*b**2 + 3*b + 1. Let s(n) = 5*n - 5. Let i(t) = -66*t + 66. Let a(v) = -2*i(v) - 27*s(v). What is the remainder when h(4) is divided by a(-6)?
19
Suppose 4*m - m = 177. What is the remainder when m is divided by 16?
11
What is the remainder when 10/6*(-10 - -19) is divided by 4?
3
Suppose -3*v - 13 = -1, -2*a + v + 242 = 0. What is the remainder when a is divided by 20?
19
Suppose -5*m = -4*m - 11. Suppose 0 = 3*c - 40 - m. What is the remainder when 49 is divided by c?
15
Suppose -2*o - 17 = 39. Let m = 55 + o. Suppose m = -4*w + 75. Calculate the remainder when 34 is divided by w.
10
Let a(l) = -l**2 + 13*l - 8. Calculate the remainder when a(8) is divided by 7.
4
Let r = 159 + -117. Calculate the remainder when r is divided by 9.
6
Let v(g) = -g**3 - g**2 - g + 13. Let t be (1 + -1)/(3 + -2). What is the remainder when v(t) is divided by 5?
3
Let q(r) = -r**2 + 7*r + 3. Let b be q(7). What is the remainder when 52/b - (-7)/(-21) is divided by 5?
2
Let r = -37 + 44. What is the remainder when 41 is divided by r?
6
Let f(p) = 28*p**3 + 2*p - 1. Suppose -3*z = -5*z + 32. Calculate the remainder when f(1) is divided by z.
13
What is the remainder when 35 is divided by (1/(-2))/(1/(-18))?
8
Suppose -4*x + 64 = -16. Suppose 3*w = 3*z - 3, 5*z = w + w + x. What is the remainder when 27 is divided by z?
3
Suppose 0*r = 3*p + 5*r - 46, -r = -p + 26. Let y = -1 + 6. What is the remainder when p is divided by y?
2
Suppose 3*p - 4*k + 10 = 0, 0 = -4*p - 2*k - 0*k + 16. Suppose 4*t + 24 = -4*x, -t = -x - p*x + 6. What is the remainder when (-3 + -9)*8/t is divided by 9?
7
Let a be (-4)/14 - (-4)/14. Let k(u) = u. Let p(r) = -3*r - 3. Let c(n) = -2*k(n) - p(n). What is the remainder when 7 is divided by c(a)?
1
Let u(d) = d**2 + 2*d - 3. Let t be u(-4). Suppose 1 = -t*r + 121. What is the remainder when 70 is divided by r?
22
Let v(x) be the first derivative of -x**3/3 + 7*x**2/2 + 5*x - 1. Let z be v(-5). Let m = -20 - z. Calculate the remainder when m is divided by 12.
11
Let f = 162 + -93. Suppose -2*i + f = i. What is the remainder when i is divided by 6?
5
Let q(z) = z**2 - 2*z - 14. Calculate the remainder when (0 - -61)/((-2)/(-2)) is divided by q(7).
19
Suppose 50 + 0 = 5*j. Let t be (-2)/(-12) + 822/36. Suppose 2*p = 81 - t. What is the remainder when p is divided by j?
9
Suppose -d = -5*m + 495, 0 = -m + 4*m + 4*d - 274. Suppose f + 4*c - 45 = 0, -3 = -3*f - c + 77. What is the remainder when m is divided by f?
23
Suppose 0*d = -5*d + 275. Let m be (-2)/6 - d/15. What is the remainder when m/6 + 123/9 is divided by 8?
5
Calculate the remainder when 78 is divided by -1 + (-2)/(6/(-63)).
18
Suppose 5*d = -4*h - 31, 2*d = -2*d + 4*h + 4. Calculate the remainder when 61 is divided by 22 - (-2 - (d + 0)).
19
Suppose -35 = -4*u - 11. Suppose 2*t = -3*t. Suppose t = 2*j - 7*j + 80. What is the remainder when j is divided by u?
4
Let i = 5 - 2. Suppose i*v = -0 - 36. What is the remainder when v*(-4)/3 - 0 is divided by 6?
4
Let v = -7 + 11. Suppose -v*u = -3*p - 31, -22 = -u - 3*p - p. Let q = -6 + 35. Calculate the remainder when q is divided by u.
9
Suppose 5*p - 61 = u, 3*u + 2 = u. What is the remainder when 45 is divided by p?
9
Let x = -37 + 41. Let z = 14 - 20. Let s(l) = l**2 + 6*l + 6. Calculate the remainder when s(z) is divided by x.
2
Suppose 9 = -4*g + g. Calculate the remainder when 2 is divided by (-4)/g*(-6)/(-4).
0
Suppose 3*p - 6 = -0*p. Suppose p*c + 4*z - 56 = 0, -c + 3*c = -z + 44. Let w(x) = x**2 + 4*x - 1. Calculate the remainder when c is divided by w(-6).
9
Suppose 0 = -s - 4 + 3. Calculate the remainder when (4 - 38)*(s + 0) is divided by 12.
10
Let h(i) = i + 10. Let m be h(-7). Suppose 24 + 30 = m*l. Calculate the remainder when 0/(-1) + l